{"id":3047,"date":"2026-02-08T18:00:00","date_gmt":"2026-02-08T17:00:00","guid":{"rendered":"https:\/\/camburger-bogenschuetzen.de\/?page_id=3047"},"modified":"2026-02-24T09:16:54","modified_gmt":"2026-02-24T08:16:54","slug":"3d-landesmeisterschaft-thueringen-2026","status":"publish","type":"page","link":"https:\/\/camburger-bogenschuetzen.de\/?page_id=3047","title":{"rendered":"3D LM Th\u00fcringen 2026"},"content":{"rendered":"\n<p>Wir werden am 09.\/10. Mai die Th\u00fcringer 3D Meisterschaft 2026 ausrichten. Daf\u00fcr wird ein neuer Parcours gebaut, der sich rund um das Camburger Freibad erstreckt.<\/p>\n\n\n\n<p>Die Stadtverwaltung Camburg und der Badf\u00f6rderverein haben uns bei der Umsetzung der Idee eines neuen Parcours f\u00fcr die Landesmeisterschaft unterst\u00fctzt und helfen uns bei der Realisierung. <\/p>\n\n\n\n<p>Alle wichtigen Informationen findet ihr in der Ausschreibung.<\/p>\n\n\n\n<p>Hier geht es zur <a href=\"https:\/\/camburger-bogenschuetzen.de\/wp-e7cc6-content\/uploads\/2026\/02\/2026_LM3D_Ausschreibung_CBS_final.pdf\" target=\"_blank\" rel=\"noreferrer noopener\">Ausschreibung<\/a>.<\/p>\n\n\n\n<p>Die Camper &#8211; egal ob Zelt, Wohnwagen oder Wohnmobil &#8211; melden sich bitte per Email unter <a href=\"malto:kontakt@camburger-bogenschuetzen.de\">kontakt@camburger-bogenschuetzen.de <\/a>an. Die Sanit\u00e4reinrichtungen des Freibades k\u00f6nnen genutzt werden. Strom k\u00f6nnen wir nicht zur Verf\u00fcgung stellen. F\u00fcr die \u00dcbernachtung erheben wir eine kleine Geb\u00fchr von 7\u20ac pro Nacht.<\/p>\n\n\n\n<p>Am Freitag k\u00f6nnt ihr euch von 17 &#8211; 20 Uhr verpflegen lassen, eine Anmeldung per Email an die obige Adresse ist notwendig, damit wir vern\u00fcnftig planen k\u00f6nnen.<\/p>\n\n\n\n<p>Die Anmeldung zur Landesmeisterschaft 3D des TBSV 2026 erfolgt \u00fcber die Homepage des TBSV.<\/p>\n\n\n\n<p><a href=\"https:\/\/tbsv-bogensport.de\/anmeldung_lm-3d\/index-anmeldung.php\">https:\/\/tbsv-bogensport.de\/anmeldung_lm-3d\/index-anmeldung.php<\/a><\/p>\n\n\n\n<p>Wir freuen uns auf euch und gutes Wetter \ud83d\ude42<\/p>\n\n\n\n<p><\/p>\n","protected":false},"excerpt":{"rendered":"<p>Wir werden am 09.\/10. Mai die Th\u00fcringer 3D Meisterschaft 2026 ausrichten. Daf\u00fcr wird ein neuer Parcours gebaut, der sich rund um das Camburger Freibad erstreckt. Die Stadtverwaltung Camburg und der Badf\u00f6rderverein haben uns bei der Umsetzung der Idee eines neuen Parcours f\u00fcr die Landesmeisterschaft unterst\u00fctzt und helfen uns bei der Realisierung. Alle wichtigen Informationen findet &hellip; <a href=\"https:\/\/camburger-bogenschuetzen.de\/?page_id=3047\" class=\"more-link\"><span class=\"screen-reader-text\">3D LM Th\u00fcringen 2026<\/span> weiterlesen <span class=\"meta-nav\">&rarr;<\/span><\/a><\/p>\n","protected":false},"author":1,"featured_media":70,"parent":0,"menu_order":3,"comment_status":"closed","ping_status":"closed","template":"","meta":{"ngg_post_thumbnail":0,"footnotes":""},"class_list":["post-3047","page","type-page","status-publish","has-post-thumbnail","hentry"],"_links":{"self":[{"href":"https:\/\/camburger-bogenschuetzen.de\/index.php?rest_route=\/wp\/v2\/pages\/3047","targetHints":{"allow":["GET"]}}],"collection":[{"href":"https:\/\/camburger-bogenschuetzen.de\/index.php?rest_route=\/wp\/v2\/pages"}],"about":[{"href":"https:\/\/camburger-bogenschuetzen.de\/index.php?rest_route=\/wp\/v2\/types\/page"}],"author":[{"embeddable":true,"href":"https:\/\/camburger-bogenschuetzen.de\/index.php?rest_route=\/wp\/v2\/users\/1"}],"replies":[{"embeddable":true,"href":"https:\/\/camburger-bogenschuetzen.de\/index.php?rest_route=%2Fwp%2Fv2%2Fcomments&post=3047"}],"version-history":[{"count":7,"href":"https:\/\/camburger-bogenschuetzen.de\/index.php?rest_route=\/wp\/v2\/pages\/3047\/revisions"}],"predecessor-version":[{"id":3064,"href":"https:\/\/camburger-bogenschuetzen.de\/index.php?rest_route=\/wp\/v2\/pages\/3047\/revisions\/3064"}],"wp:featuredmedia":[{"embeddable":true,"href":"https:\/\/camburger-bogenschuetzen.de\/index.php?rest_route=\/wp\/v2\/media\/70"}],"wp:attachment":[{"href":"https:\/\/camburger-bogenschuetzen.de\/index.php?rest_route=%2Fwp%2Fv2%2Fmedia&parent=3047"}],"curies":[{"name":"wp","href":"https:\/\/api.w.org\/{rel}","templated":true}]}}