{"id":1275,"date":"2019-06-12T20:59:03","date_gmt":"2019-06-12T18:59:03","guid":{"rendered":"http:\/\/camburger-bogenschuetzen.de\/?page_id=1275"},"modified":"2019-07-03T11:34:17","modified_gmt":"2019-07-03T09:34:17","slug":"wo-finde-ich-was","status":"publish","type":"page","link":"https:\/\/camburger-bogenschuetzen.de\/?page_id=1275","title":{"rendered":"Wo finde ich was?"},"content":{"rendered":"\n<p>Klickt auf die verschiedenen Marker auf der Karte und ihr seht z.B. wo ihr campen oder parken d\u00fcrft. Beachtet bitte die Ausschilderung vor Ort!<\/p>\n\n\n\n<p><strong><em>Der Parkplatz am Einschie\u00dfplatz unseres Parcours ist ausschlie\u00dflich f\u00fcr Handwerker, Markttreibende und Schausteller reserviert!<\/em><\/strong><\/p>\n\n\n\n<p>Tagesbesucher und Sch\u00fctzen, die nicht vor Ort campen, benutzen bitte den Parkplatz am Steinberg (H\u00f6lle). Von dort sind es ca. 10 Minuten bis zur Cyriacusruine.<\/p>\n\n\n\n<p>An der Verbindungsstra\u00dfe von Camburg nach St\u00f6ben herrscht an beiden Tagen Parkverbot!<\/p>\n","protected":false},"excerpt":{"rendered":"<p>Klickt auf die verschiedenen Marker auf der Karte und ihr seht z.B. wo ihr campen oder parken d\u00fcrft. Beachtet bitte die Ausschilderung vor Ort! Der Parkplatz am Einschie\u00dfplatz unseres Parcours ist ausschlie\u00dflich f\u00fcr Handwerker, Markttreibende und Schausteller reserviert! Tagesbesucher und Sch\u00fctzen, die nicht vor Ort campen, benutzen bitte den Parkplatz am Steinberg (H\u00f6lle). Von dort &hellip; <a href=\"https:\/\/camburger-bogenschuetzen.de\/?page_id=1275\" class=\"more-link\"><span class=\"screen-reader-text\">Wo finde ich was?<\/span> weiterlesen <span class=\"meta-nav\">&rarr;<\/span><\/a><\/p>\n","protected":false},"author":1,"featured_media":0,"parent":1194,"menu_order":0,"comment_status":"closed","ping_status":"closed","template":"","meta":{"ngg_post_thumbnail":0,"footnotes":""},"class_list":["post-1275","page","type-page","status-publish","hentry"],"_links":{"self":[{"href":"https:\/\/camburger-bogenschuetzen.de\/index.php?rest_route=\/wp\/v2\/pages\/1275","targetHints":{"allow":["GET"]}}],"collection":[{"href":"https:\/\/camburger-bogenschuetzen.de\/index.php?rest_route=\/wp\/v2\/pages"}],"about":[{"href":"https:\/\/camburger-bogenschuetzen.de\/index.php?rest_route=\/wp\/v2\/types\/page"}],"author":[{"embeddable":true,"href":"https:\/\/camburger-bogenschuetzen.de\/index.php?rest_route=\/wp\/v2\/users\/1"}],"replies":[{"embeddable":true,"href":"https:\/\/camburger-bogenschuetzen.de\/index.php?rest_route=%2Fwp%2Fv2%2Fcomments&post=1275"}],"version-history":[{"count":3,"href":"https:\/\/camburger-bogenschuetzen.de\/index.php?rest_route=\/wp\/v2\/pages\/1275\/revisions"}],"predecessor-version":[{"id":1284,"href":"https:\/\/camburger-bogenschuetzen.de\/index.php?rest_route=\/wp\/v2\/pages\/1275\/revisions\/1284"}],"up":[{"embeddable":true,"href":"https:\/\/camburger-bogenschuetzen.de\/index.php?rest_route=\/wp\/v2\/pages\/1194"}],"wp:attachment":[{"href":"https:\/\/camburger-bogenschuetzen.de\/index.php?rest_route=%2Fwp%2Fv2%2Fmedia&parent=1275"}],"curies":[{"name":"wp","href":"https:\/\/api.w.org\/{rel}","templated":true}]}}